{"id":65606,"date":"2024-04-03T14:46:55","date_gmt":"2024-04-03T12:46:55","guid":{"rendered":"https:\/\/pop-co.fr\/index.php\/product\/popsockets-support-voiture\/"},"modified":"2025-07-29T10:12:45","modified_gmt":"2025-07-29T08:12:45","slug":"popsockets-support-voiture","status":"publish","type":"product","link":"https:\/\/pop-co.fr\/index.php\/product\/popsockets-support-voiture\/","title":{"rendered":"POPSOCKETS &#8211; Support voiture"},"content":{"rendered":"<p>Fixe fermement votre t\u00e9l\u00e9phone lorsque vous conduisez<\/p>\n<p>Compatible Avec Le Support Ventilation Voiture<\/p>\n<p>Repositionnable<\/p>\n<p>Visualisation En Mode Paysage Ou Portrait<\/p>\n<p>Se fixe sur une grille de ventilation de voiture sans aucun adh\u00e9sif<br \/>\nFacile \u00e0 fixer aux grilles de ventilation de mani\u00e8re verticale ou horizontale, mais aussi en biais<br \/>\nFeatures large &#038; small slots for optimal fit with most air-vent sizes<br \/>\nSi le support semble instable, faites pivoter les fixations de 90\u00ba pour le resserrer.<br \/>\nVisualisable sous tous les angles en mode portrait et paysage<\/p>\n<p>Fonctionne avec :<\/p>\n<p>la plupart des grilles d\u2019a\u00e9ration de voiture<br \/>\nCompatible avec tous les PopGrips sauf les supports d\u2019Airpod PopGrip<\/p>\n","protected":false},"excerpt":{"rendered":"<p>Fixe fermement votre t\u00e9l\u00e9phone lorsque vous conduisez Compatible Avec Le Support Ventilation Voiture Repositionnable Visualisation En Mode Paysage Ou Portrait Se fixe sur une grille de ventilation de voiture sans aucun adh\u00e9sif Facile \u00e0 fixer aux grilles de ventilation de mani\u00e8re verticale ou horizontale, mais aussi en biais Features large &#038; small slots for optimal [&hellip;]<\/p>\n","protected":false},"featured_media":355381,"comment_status":"open","ping_status":"closed","template":"","meta":[],"product_cat":[47],"product_tag":[],"aioseo_notices":[],"jetpack_sharing_enabled":true,"_links":{"self":[{"href":"https:\/\/pop-co.fr\/index.php\/wp-json\/wp\/v2\/product\/65606"}],"collection":[{"href":"https:\/\/pop-co.fr\/index.php\/wp-json\/wp\/v2\/product"}],"about":[{"href":"https:\/\/pop-co.fr\/index.php\/wp-json\/wp\/v2\/types\/product"}],"replies":[{"embeddable":true,"href":"https:\/\/pop-co.fr\/index.php\/wp-json\/wp\/v2\/comments?post=65606"}],"version-history":[{"count":0,"href":"https:\/\/pop-co.fr\/index.php\/wp-json\/wp\/v2\/product\/65606\/revisions"}],"wp:featuredmedia":[{"embeddable":true,"href":"https:\/\/pop-co.fr\/index.php\/wp-json\/wp\/v2\/media\/355381"}],"wp:attachment":[{"href":"https:\/\/pop-co.fr\/index.php\/wp-json\/wp\/v2\/media?parent=65606"}],"wp:term":[{"taxonomy":"product_cat","embeddable":true,"href":"https:\/\/pop-co.fr\/index.php\/wp-json\/wp\/v2\/product_cat?post=65606"},{"taxonomy":"product_tag","embeddable":true,"href":"https:\/\/pop-co.fr\/index.php\/wp-json\/wp\/v2\/product_tag?post=65606"}],"curies":[{"name":"wp","href":"https:\/\/api.w.org\/{rel}","templated":true}]}}