{"id":69303,"date":"2024-04-29T17:15:10","date_gmt":"2024-04-29T15:15:10","guid":{"rendered":"https:\/\/pop-co.fr\/index.php\/product\/wednesday-pop-n1311-mercredi-addams-metallic-effect-2\/"},"modified":"2025-08-28T12:06:20","modified_gmt":"2025-08-28T10:06:20","slug":"wednesday-pop-n1311-mercredi-addams-metallic-effect-2","status":"publish","type":"product","link":"https:\/\/pop-co.fr\/index.php\/product\/wednesday-pop-n1311-mercredi-addams-metallic-effect-2\/","title":{"rendered":"WEDNESDAY &#8211; POP N\u00b01311 Mercredi Addams (metallic effect)"},"content":{"rendered":"<p>Tout droit sortie de l&rsquo;imagination de Tim Burton, la prochaine s\u00e9rie Netflix Mercredi suivra les ann\u00e9es d&rsquo;\u00e9tudes de Wednesday Addams, alors qu&rsquo;elle tente de ma\u00eetriser ses capacit\u00e9s psychiques naissantes et de r\u00e9soudre le myst\u00e8re qui entoure ses parents.<\/p>\n<p>Mercredi a l&rsquo;air particuli\u00e8rement d\u00e9sint\u00e9ress\u00e9 avec son expression faciale indiff\u00e9rente, sa posture enfonc\u00e9e et son uniforme gris de lyc\u00e9en. Attendez une seconde&#8230; Mercredi Addams a-t-elle re\u00e7u un traitement m\u00e9tallique ? D\u00e9fiant son style gothique habituel, cette Pop attirera tous les regards avec son esth\u00e9tique brillante et m\u00e9tallique !<\/p>\n<p>Commandez ce personnage morbide de la Famille Addams pour votre collection Funko d\u00e8s aujourd&rsquo;hui et embrassez votre c\u00f4t\u00e9 sombre !<\/p>\n","protected":false},"excerpt":{"rendered":"<p>Tout droit sortie de l&rsquo;imagination de Tim Burton, la prochaine s\u00e9rie Netflix Mercredi suivra les ann\u00e9es d&rsquo;\u00e9tudes de Wednesday Addams, alors qu&rsquo;elle tente de ma\u00eetriser ses capacit\u00e9s psychiques naissantes et de r\u00e9soudre le myst\u00e8re qui entoure ses parents. Mercredi a l&rsquo;air particuli\u00e8rement d\u00e9sint\u00e9ress\u00e9 avec son expression faciale indiff\u00e9rente, sa posture enfonc\u00e9e et son uniforme gris [&hellip;]<\/p>\n","protected":false},"featured_media":357870,"comment_status":"open","ping_status":"closed","template":"","meta":[],"product_cat":[39,64],"product_tag":[],"aioseo_notices":[],"jetpack_sharing_enabled":true,"_links":{"self":[{"href":"https:\/\/pop-co.fr\/index.php\/wp-json\/wp\/v2\/product\/69303"}],"collection":[{"href":"https:\/\/pop-co.fr\/index.php\/wp-json\/wp\/v2\/product"}],"about":[{"href":"https:\/\/pop-co.fr\/index.php\/wp-json\/wp\/v2\/types\/product"}],"replies":[{"embeddable":true,"href":"https:\/\/pop-co.fr\/index.php\/wp-json\/wp\/v2\/comments?post=69303"}],"version-history":[{"count":0,"href":"https:\/\/pop-co.fr\/index.php\/wp-json\/wp\/v2\/product\/69303\/revisions"}],"wp:featuredmedia":[{"embeddable":true,"href":"https:\/\/pop-co.fr\/index.php\/wp-json\/wp\/v2\/media\/357870"}],"wp:attachment":[{"href":"https:\/\/pop-co.fr\/index.php\/wp-json\/wp\/v2\/media?parent=69303"}],"wp:term":[{"taxonomy":"product_cat","embeddable":true,"href":"https:\/\/pop-co.fr\/index.php\/wp-json\/wp\/v2\/product_cat?post=69303"},{"taxonomy":"product_tag","embeddable":true,"href":"https:\/\/pop-co.fr\/index.php\/wp-json\/wp\/v2\/product_tag?post=69303"}],"curies":[{"name":"wp","href":"https:\/\/api.w.org\/{rel}","templated":true}]}}

<p>Tout droit sortie de l&rsquo;imagination de Tim Burton, la prochaine série Netflix Mercredi suivra les années d&rsquo;études de Wednesday Addams, alors qu&rsquo;elle tente de maîtriser ses capacités psychiques naissantes et de résoudre le mystère qui entoure ses parents.</p>
<p>Mercredi a l&rsquo;air particulièrement désintéressé avec son expression faciale indifférente, sa posture enfoncée et son uniforme gris de lycéen. Attendez une seconde&#8230; Mercredi Addams a-t-elle reçu un traitement métallique ? Défiant son style gothique habituel, cette Pop attirera tous les regards avec son esthétique brillante et métallique !</p>
<p>Commandez ce personnage morbide de la Famille Addams pour votre collection Funko dès aujourd&rsquo;hui et embrassez votre côté sombre !</p>

<p>Tout droit sortie de l&rsquo;imagination de Tim Burton, la prochaine série Netflix Mercredi suivra les années d&rsquo;études de Wednesday Addams, alors qu&rsquo;elle tente de maîtriser ses capacités psychiques naissantes et de résoudre le mystère qui entoure ses parents. Mercredi a l&rsquo;air particulièrement désintéressé avec son expression faciale indifférente, sa posture enfoncée et son uniforme gris [&hellip;]</p>
