{"id":7083,"date":"2024-02-20T19:50:45","date_gmt":"2024-02-20T18:50:45","guid":{"rendered":"https:\/\/pop-co.fr\/index.php\/product\/jujutsu-kaisen-pop-n1112-megumi-fushiguro-avec-chiens\/"},"modified":"2025-06-28T14:20:43","modified_gmt":"2025-06-28T12:20:43","slug":"jujutsu-kaisen-pop-n1112-megumi-fushiguro-avec-chiens","status":"publish","type":"product","link":"https:\/\/pop-co.fr\/index.php\/product\/jujutsu-kaisen-pop-n1112-megumi-fushiguro-avec-chiens\/","title":{"rendered":"JUJUTSU KAISEN &#8211; POP N\u00b01112 Megumi Fushiguro avec chiens"},"content":{"rendered":"<p>Jujutsu Kaisen est une s\u00e9rie manga\/anime japonaise qui suit l&rsquo;histoire d&rsquo;un lyc\u00e9en, Yuji Itadori, alors qu&rsquo;il rejoint une organisation secr\u00e8te de sorciers Jujutsu afin de tuer une puissante mal\u00e9diction nomm\u00e9e Ryomen Sukuna, dont Yuji devient l&rsquo;h\u00f4te.<\/p>\n<p>Cette Pop ! pr\u00e9sente Megumi Fushiguro, un \u00e9tudiant de premi\u00e8re ann\u00e9e au Tokyo Jujutsu High et \u00e9galement un descendant de la famille Zenin. Il est rejoint par son chien divin, qui chasse et d\u00e9vore les mal\u00e9dictions.<\/p>\n<p>Ajoutez les figurines Jujutsu Kaisen Pop ! Vinyl Jujutsu Kaisen \u00e0 votre collection Funko !<\/p>\n","protected":false},"excerpt":{"rendered":"<p>Jujutsu Kaisen est une s\u00e9rie manga\/anime japonaise qui suit l&rsquo;histoire d&rsquo;un lyc\u00e9en, Yuji Itadori, alors qu&rsquo;il rejoint une organisation secr\u00e8te de sorciers Jujutsu afin de tuer une puissante mal\u00e9diction nomm\u00e9e Ryomen Sukuna, dont Yuji devient l&rsquo;h\u00f4te. Cette Pop ! pr\u00e9sente Megumi Fushiguro, un \u00e9tudiant de premi\u00e8re ann\u00e9e au Tokyo Jujutsu High et \u00e9galement un descendant [&hellip;]<\/p>\n","protected":false},"featured_media":243778,"comment_status":"open","ping_status":"closed","template":"","meta":[],"product_cat":[17,28],"product_tag":[],"aioseo_notices":[],"jetpack_sharing_enabled":true,"_links":{"self":[{"href":"https:\/\/pop-co.fr\/index.php\/wp-json\/wp\/v2\/product\/7083"}],"collection":[{"href":"https:\/\/pop-co.fr\/index.php\/wp-json\/wp\/v2\/product"}],"about":[{"href":"https:\/\/pop-co.fr\/index.php\/wp-json\/wp\/v2\/types\/product"}],"replies":[{"embeddable":true,"href":"https:\/\/pop-co.fr\/index.php\/wp-json\/wp\/v2\/comments?post=7083"}],"version-history":[{"count":0,"href":"https:\/\/pop-co.fr\/index.php\/wp-json\/wp\/v2\/product\/7083\/revisions"}],"wp:featuredmedia":[{"embeddable":true,"href":"https:\/\/pop-co.fr\/index.php\/wp-json\/wp\/v2\/media\/243778"}],"wp:attachment":[{"href":"https:\/\/pop-co.fr\/index.php\/wp-json\/wp\/v2\/media?parent=7083"}],"wp:term":[{"taxonomy":"product_cat","embeddable":true,"href":"https:\/\/pop-co.fr\/index.php\/wp-json\/wp\/v2\/product_cat?post=7083"},{"taxonomy":"product_tag","embeddable":true,"href":"https:\/\/pop-co.fr\/index.php\/wp-json\/wp\/v2\/product_tag?post=7083"}],"curies":[{"name":"wp","href":"https:\/\/api.w.org\/{rel}","templated":true}]}}