{"id":73964,"date":"2024-04-30T00:49:40","date_gmt":"2024-04-29T22:49:40","guid":{"rendered":"https:\/\/pop-co.fr\/index.php\/product\/bombe-de-bain-pusheen-avec-emballage-cadeau\/"},"modified":"2025-07-29T10:31:42","modified_gmt":"2025-07-29T08:31:42","slug":"bombe-de-bain-pusheen-avec-emballage-cadeau","status":"publish","type":"product","link":"https:\/\/pop-co.fr\/index.php\/product\/bombe-de-bain-pusheen-avec-emballage-cadeau\/","title":{"rendered":"BOMBE DE BAIN &#8211; PUSHEEN &#8211; Avec emballage cadeau"},"content":{"rendered":"<p>&#8212; MODELE ALEATOIRE &#8212;<\/p>\n<p>Bombe de bain chat dans emballage cadeau<\/p>\n<p>Composition : Sels de bain et huiles essentielles<br \/>\nParfums : Fraise, Citron ou Cerise<br \/>\nIngredients: Liste des ing\u00e9r\u00e9dients disponibles sur chaque emballage<br \/>\nPoids: Chaque bombe de bain p\u00e8se environ 160g<br \/>\nVegan: Oui<br \/>\nSans huile de palme : Oui<br \/>\nSans Gluten : Oui<br \/>\nTest\u00e9 sur les animaux : Non<\/p>\n","protected":false},"excerpt":{"rendered":"<p>&#8212; MODELE ALEATOIRE &#8212; Bombe de bain chat dans emballage cadeau Composition : Sels de bain et huiles essentielles Parfums : Fraise, Citron ou Cerise Ingredients: Liste des ing\u00e9r\u00e9dients disponibles sur chaque emballage Poids: Chaque bombe de bain p\u00e8se environ 160g Vegan: Oui Sans huile de palme : Oui Sans Gluten : Oui Test\u00e9 sur [&hellip;]<\/p>\n","protected":false},"featured_media":355500,"comment_status":"open","ping_status":"closed","template":"","meta":[],"product_cat":[39],"product_tag":[],"aioseo_notices":[],"jetpack_sharing_enabled":true,"_links":{"self":[{"href":"https:\/\/pop-co.fr\/index.php\/wp-json\/wp\/v2\/product\/73964"}],"collection":[{"href":"https:\/\/pop-co.fr\/index.php\/wp-json\/wp\/v2\/product"}],"about":[{"href":"https:\/\/pop-co.fr\/index.php\/wp-json\/wp\/v2\/types\/product"}],"replies":[{"embeddable":true,"href":"https:\/\/pop-co.fr\/index.php\/wp-json\/wp\/v2\/comments?post=73964"}],"version-history":[{"count":0,"href":"https:\/\/pop-co.fr\/index.php\/wp-json\/wp\/v2\/product\/73964\/revisions"}],"wp:featuredmedia":[{"embeddable":true,"href":"https:\/\/pop-co.fr\/index.php\/wp-json\/wp\/v2\/media\/355500"}],"wp:attachment":[{"href":"https:\/\/pop-co.fr\/index.php\/wp-json\/wp\/v2\/media?parent=73964"}],"wp:term":[{"taxonomy":"product_cat","embeddable":true,"href":"https:\/\/pop-co.fr\/index.php\/wp-json\/wp\/v2\/product_cat?post=73964"},{"taxonomy":"product_tag","embeddable":true,"href":"https:\/\/pop-co.fr\/index.php\/wp-json\/wp\/v2\/product_tag?post=73964"}],"curies":[{"name":"wp","href":"https:\/\/api.w.org\/{rel}","templated":true}]}}