{"id":74682,"date":"2024-04-30T01:29:41","date_gmt":"2024-04-29T23:29:41","guid":{"rendered":"https:\/\/pop-co.fr\/index.php\/product\/porte-cles-3d-huggy-wuggy-modeles-assortis\/"},"modified":"2025-09-10T11:24:34","modified_gmt":"2025-09-10T09:24:34","slug":"porte-cles-3d-huggy-wuggy-modeles-assortis","status":"publish","type":"product","link":"https:\/\/pop-co.fr\/index.php\/product\/porte-cles-3d-huggy-wuggy-modeles-assortis\/","title":{"rendered":"PORTE CLES 3D &#8211; POPPY PLAYTIME &#8211; Huggy Wuggy (mod\u00e8les assortis)"},"content":{"rendered":"<p>Porte-cl\u00e9s Buggy Wuggy en gel de silice avec lani\u00e8re silicone<\/p>\n","protected":false},"excerpt":{"rendered":"<p>Porte-cl\u00e9s Buggy Wuggy en gel de silice avec lani\u00e8re silicone<\/p>\n","protected":false},"featured_media":358350,"comment_status":"open","ping_status":"closed","template":"","meta":[],"product_cat":[34],"product_tag":[],"aioseo_notices":[],"jetpack_sharing_enabled":true,"_links":{"self":[{"href":"https:\/\/pop-co.fr\/index.php\/wp-json\/wp\/v2\/product\/74682"}],"collection":[{"href":"https:\/\/pop-co.fr\/index.php\/wp-json\/wp\/v2\/product"}],"about":[{"href":"https:\/\/pop-co.fr\/index.php\/wp-json\/wp\/v2\/types\/product"}],"replies":[{"embeddable":true,"href":"https:\/\/pop-co.fr\/index.php\/wp-json\/wp\/v2\/comments?post=74682"}],"version-history":[{"count":0,"href":"https:\/\/pop-co.fr\/index.php\/wp-json\/wp\/v2\/product\/74682\/revisions"}],"wp:featuredmedia":[{"embeddable":true,"href":"https:\/\/pop-co.fr\/index.php\/wp-json\/wp\/v2\/media\/358350"}],"wp:attachment":[{"href":"https:\/\/pop-co.fr\/index.php\/wp-json\/wp\/v2\/media?parent=74682"}],"wp:term":[{"taxonomy":"product_cat","embeddable":true,"href":"https:\/\/pop-co.fr\/index.php\/wp-json\/wp\/v2\/product_cat?post=74682"},{"taxonomy":"product_tag","embeddable":true,"href":"https:\/\/pop-co.fr\/index.php\/wp-json\/wp\/v2\/product_tag?post=74682"}],"curies":[{"name":"wp","href":"https:\/\/api.w.org\/{rel}","templated":true}]}}