{"id":7552,"date":"2024-02-20T19:59:48","date_gmt":"2024-02-20T18:59:48","guid":{"rendered":"https:\/\/pop-co.fr\/index.php\/product\/mha-denki-kaminari-figurine-17cm\/"},"modified":"2025-07-29T10:58:02","modified_gmt":"2025-07-29T08:58:02","slug":"mha-denki-kaminari-figurine-17cm","status":"publish","type":"product","link":"https:\/\/pop-co.fr\/index.php\/product\/mha-denki-kaminari-figurine-17cm\/","title":{"rendered":"MHA &#8211; Denki Kaminari &#8211; Figurine 17cm"},"content":{"rendered":"<p>Figurine Age Of Heroes 17cm<br \/>\nComposition : PVC<\/p>\n<p>Cette incroyable figurine Denki Kaminari, issue de la s\u00e9rie My Hero Academia, est parfaite pour compl\u00e9ter votre collection. La figurine mesure 17cm de haut, ce qui en fait un excellent ajout \u00e0 votre collection. Des d\u00e9tails pr\u00e9cis et des couleurs vives rendent cette figurine unique et tr\u00e8s attrayante. Les fans de My Hero Academia seront ravis d&rsquo;ajouter cette figurine \u00e0 leur collection, et elle fera un grand cadeau pour tout fan de My Hero Academia. La figurine Denki Kaminari est un ajout essentiel \u00e0 votre collection et rendra votre collection plus compl\u00e8te.<\/p>\n","protected":false},"excerpt":{"rendered":"<p>Figurine Age Of Heroes 17cm Composition : PVC Cette incroyable figurine Denki Kaminari, issue de la s\u00e9rie My Hero Academia, est parfaite pour compl\u00e9ter votre collection. La figurine mesure 17cm de haut, ce qui en fait un excellent ajout \u00e0 votre collection. Des d\u00e9tails pr\u00e9cis et des couleurs vives rendent cette figurine unique et tr\u00e8s [&hellip;]<\/p>\n","protected":false},"featured_media":355869,"comment_status":"open","ping_status":"closed","template":"","meta":[],"product_cat":[17,26],"product_tag":[],"aioseo_notices":[],"jetpack_sharing_enabled":true,"_links":{"self":[{"href":"https:\/\/pop-co.fr\/index.php\/wp-json\/wp\/v2\/product\/7552"}],"collection":[{"href":"https:\/\/pop-co.fr\/index.php\/wp-json\/wp\/v2\/product"}],"about":[{"href":"https:\/\/pop-co.fr\/index.php\/wp-json\/wp\/v2\/types\/product"}],"replies":[{"embeddable":true,"href":"https:\/\/pop-co.fr\/index.php\/wp-json\/wp\/v2\/comments?post=7552"}],"version-history":[{"count":0,"href":"https:\/\/pop-co.fr\/index.php\/wp-json\/wp\/v2\/product\/7552\/revisions"}],"wp:featuredmedia":[{"embeddable":true,"href":"https:\/\/pop-co.fr\/index.php\/wp-json\/wp\/v2\/media\/355869"}],"wp:attachment":[{"href":"https:\/\/pop-co.fr\/index.php\/wp-json\/wp\/v2\/media?parent=7552"}],"wp:term":[{"taxonomy":"product_cat","embeddable":true,"href":"https:\/\/pop-co.fr\/index.php\/wp-json\/wp\/v2\/product_cat?post=7552"},{"taxonomy":"product_tag","embeddable":true,"href":"https:\/\/pop-co.fr\/index.php\/wp-json\/wp\/v2\/product_tag?post=7552"}],"curies":[{"name":"wp","href":"https:\/\/api.w.org\/{rel}","templated":true}]}}