{"id":7607,"date":"2024-02-20T20:00:45","date_gmt":"2024-02-20T19:00:45","guid":{"rendered":"https:\/\/pop-co.fr\/index.php\/product\/one-piece-pop-n923-roronoa-zoro\/"},"modified":"2025-06-28T14:25:19","modified_gmt":"2025-06-28T12:25:19","slug":"one-piece-pop-n923-roronoa-zoro","status":"publish","type":"product","link":"https:\/\/pop-co.fr\/index.php\/product\/one-piece-pop-n923-roronoa-zoro\/","title":{"rendered":"ONE PIECE &#8211; POP N\u00b0923 Roronoa Zoro"},"content":{"rendered":"<p>Figurine en vinyle taille environ 9 centim\u00e8tres de haut, avec emballage bo\u00eete-fen\u00eatre.<\/p>\n<p>Mod\u00e8le de la collection POP! du fabricant Funko. <\/p>\n<p>Pr\u00e9parez-vous \u00e0 mettre les voiles avec cette impressionnante gamme de One Piece Funko Pop ! Vinyls. Tout l&rsquo;\u00e9quipage est l\u00e0, et pr\u00eat \u00e0 embarquer sur le Going Merry avec la prochaine destination pr\u00e9vue pour votre collection. Affr\u00e8te cette gamme de marins loufoques et absurdes, et aventure-toi jusqu&rsquo;au bout des mers \u00e0 la recherche du One Piece.<\/p>\n","protected":false},"excerpt":{"rendered":"<p>Figurine en vinyle taille environ 9 centim\u00e8tres de haut, avec emballage bo\u00eete-fen\u00eatre. Mod\u00e8le de la collection POP! du fabricant Funko. Pr\u00e9parez-vous \u00e0 mettre les voiles avec cette impressionnante gamme de One Piece Funko Pop ! Vinyls. Tout l&rsquo;\u00e9quipage est l\u00e0, et pr\u00eat \u00e0 embarquer sur le Going Merry avec la prochaine destination pr\u00e9vue pour votre [&hellip;]<\/p>\n","protected":false},"featured_media":284739,"comment_status":"open","ping_status":"closed","template":"","meta":[],"product_cat":[17,22],"product_tag":[],"aioseo_notices":[],"jetpack_sharing_enabled":true,"_links":{"self":[{"href":"https:\/\/pop-co.fr\/index.php\/wp-json\/wp\/v2\/product\/7607"}],"collection":[{"href":"https:\/\/pop-co.fr\/index.php\/wp-json\/wp\/v2\/product"}],"about":[{"href":"https:\/\/pop-co.fr\/index.php\/wp-json\/wp\/v2\/types\/product"}],"replies":[{"embeddable":true,"href":"https:\/\/pop-co.fr\/index.php\/wp-json\/wp\/v2\/comments?post=7607"}],"version-history":[{"count":0,"href":"https:\/\/pop-co.fr\/index.php\/wp-json\/wp\/v2\/product\/7607\/revisions"}],"wp:featuredmedia":[{"embeddable":true,"href":"https:\/\/pop-co.fr\/index.php\/wp-json\/wp\/v2\/media\/284739"}],"wp:attachment":[{"href":"https:\/\/pop-co.fr\/index.php\/wp-json\/wp\/v2\/media?parent=7607"}],"wp:term":[{"taxonomy":"product_cat","embeddable":true,"href":"https:\/\/pop-co.fr\/index.php\/wp-json\/wp\/v2\/product_cat?post=7607"},{"taxonomy":"product_tag","embeddable":true,"href":"https:\/\/pop-co.fr\/index.php\/wp-json\/wp\/v2\/product_tag?post=7607"}],"curies":[{"name":"wp","href":"https:\/\/api.w.org\/{rel}","templated":true}]}}