{"id":7697,"date":"2024-02-20T20:03:57","date_gmt":"2024-02-20T19:03:57","guid":{"rendered":"https:\/\/pop-co.fr\/index.php\/product\/peluche-zelda-zelda-breath-of-the-wild\/"},"modified":"2025-07-29T10:57:28","modified_gmt":"2025-07-29T08:57:28","slug":"peluche-zelda-zelda-breath-of-the-wild","status":"publish","type":"product","link":"https:\/\/pop-co.fr\/index.php\/product\/peluche-zelda-zelda-breath-of-the-wild\/","title":{"rendered":"PELUCHE &#8211; ZELDA &#8211; Zelda (Breath of the wild)"},"content":{"rendered":"<p>Cette peluche The Legend of Zelda Breath of the Wild est un must pour tout fan de la s\u00e9rie! Il mesure 28 cm de haut et est fabriqu\u00e9 avec des mat\u00e9riaux de qualit\u00e9 sup\u00e9rieure pour un toucher doux et une durabilit\u00e9 maximale. La peluche est d\u00e9taill\u00e9e et color\u00e9e pour correspondre parfaitement \u00e0 l&rsquo;apparence de Zelda dans le jeu. C&rsquo;est un merveilleux ajout \u00e0 votre collection et une excellente fa\u00e7on de montrer votre amour pour le jeu!<\/p>\n","protected":false},"excerpt":{"rendered":"<p>Cette peluche The Legend of Zelda Breath of the Wild est un must pour tout fan de la s\u00e9rie! Il mesure 28 cm de haut et est fabriqu\u00e9 avec des mat\u00e9riaux de qualit\u00e9 sup\u00e9rieure pour un toucher doux et une durabilit\u00e9 maximale. La peluche est d\u00e9taill\u00e9e et color\u00e9e pour correspondre parfaitement \u00e0 l&rsquo;apparence de Zelda [&hellip;]<\/p>\n","protected":false},"featured_media":355853,"comment_status":"open","ping_status":"closed","template":"","meta":[],"product_cat":[34,36],"product_tag":[],"aioseo_notices":[],"jetpack_sharing_enabled":true,"_links":{"self":[{"href":"https:\/\/pop-co.fr\/index.php\/wp-json\/wp\/v2\/product\/7697"}],"collection":[{"href":"https:\/\/pop-co.fr\/index.php\/wp-json\/wp\/v2\/product"}],"about":[{"href":"https:\/\/pop-co.fr\/index.php\/wp-json\/wp\/v2\/types\/product"}],"replies":[{"embeddable":true,"href":"https:\/\/pop-co.fr\/index.php\/wp-json\/wp\/v2\/comments?post=7697"}],"version-history":[{"count":0,"href":"https:\/\/pop-co.fr\/index.php\/wp-json\/wp\/v2\/product\/7697\/revisions"}],"wp:featuredmedia":[{"embeddable":true,"href":"https:\/\/pop-co.fr\/index.php\/wp-json\/wp\/v2\/media\/355853"}],"wp:attachment":[{"href":"https:\/\/pop-co.fr\/index.php\/wp-json\/wp\/v2\/media?parent=7697"}],"wp:term":[{"taxonomy":"product_cat","embeddable":true,"href":"https:\/\/pop-co.fr\/index.php\/wp-json\/wp\/v2\/product_cat?post=7697"},{"taxonomy":"product_tag","embeddable":true,"href":"https:\/\/pop-co.fr\/index.php\/wp-json\/wp\/v2\/product_tag?post=7697"}],"curies":[{"name":"wp","href":"https:\/\/api.w.org\/{rel}","templated":true}]}}