{"id":8397,"date":"2024-02-20T20:19:26","date_gmt":"2024-02-20T19:19:26","guid":{"rendered":"https:\/\/pop-co.fr\/index.php\/product\/t-shirt-demon-slayer-personnages-taille-m\/"},"modified":"2024-03-01T10:16:36","modified_gmt":"2024-03-01T09:16:36","slug":"t-shirt-demon-slayer-personnages-taille-m","status":"publish","type":"product","link":"https:\/\/pop-co.fr\/index.php\/product\/t-shirt-demon-slayer-personnages-taille-m\/","title":{"rendered":"T-SHIRT &#8211; DEMON SLAYER &#8211; Personnages (Taille M)"},"content":{"rendered":"<p>Rejoignez Tanjiro et ses amis dans leur qu\u00eate d&rsquo;\u00e9radication des d\u00e9mons avec ce g\u00e9nial t-shirt Demon Slayer ! <\/p>\n<p>&#8211; Coupe tubulaire, col rond ras du cou double \u00e9paisseur en c\u00f4te 1&#215;1<br \/>\n&#8211; T-shirt d&rsquo;excellente qualit\u00e9 : 150g\/m\u00b2, 100% coton<br \/>\n&#8211; Mod\u00e8le homme disponible en 6 tailles : du XS au XXL<br \/>\n&#8211; Coloris : noir<\/p>\n","protected":false},"excerpt":{"rendered":"<p>Rejoignez Tanjiro et ses amis dans leur qu\u00eate d&rsquo;\u00e9radication des d\u00e9mons avec ce g\u00e9nial t-shirt Demon Slayer ! &#8211; Coupe tubulaire, col rond ras du cou double \u00e9paisseur en c\u00f4te 1&#215;1 &#8211; T-shirt d&rsquo;excellente qualit\u00e9 : 150g\/m\u00b2, 100% coton &#8211; Mod\u00e8le homme disponible en 6 tailles : du XS au XXL &#8211; Coloris : noir<\/p>\n","protected":false},"featured_media":40991,"comment_status":"open","ping_status":"closed","template":"","meta":[],"product_cat":[47,49],"product_tag":[],"aioseo_notices":[],"jetpack_sharing_enabled":true,"_links":{"self":[{"href":"https:\/\/pop-co.fr\/index.php\/wp-json\/wp\/v2\/product\/8397"}],"collection":[{"href":"https:\/\/pop-co.fr\/index.php\/wp-json\/wp\/v2\/product"}],"about":[{"href":"https:\/\/pop-co.fr\/index.php\/wp-json\/wp\/v2\/types\/product"}],"replies":[{"embeddable":true,"href":"https:\/\/pop-co.fr\/index.php\/wp-json\/wp\/v2\/comments?post=8397"}],"version-history":[{"count":0,"href":"https:\/\/pop-co.fr\/index.php\/wp-json\/wp\/v2\/product\/8397\/revisions"}],"wp:featuredmedia":[{"embeddable":true,"href":"https:\/\/pop-co.fr\/index.php\/wp-json\/wp\/v2\/media\/40991"}],"wp:attachment":[{"href":"https:\/\/pop-co.fr\/index.php\/wp-json\/wp\/v2\/media?parent=8397"}],"wp:term":[{"taxonomy":"product_cat","embeddable":true,"href":"https:\/\/pop-co.fr\/index.php\/wp-json\/wp\/v2\/product_cat?post=8397"},{"taxonomy":"product_tag","embeddable":true,"href":"https:\/\/pop-co.fr\/index.php\/wp-json\/wp\/v2\/product_tag?post=8397"}],"curies":[{"name":"wp","href":"https:\/\/api.w.org\/{rel}","templated":true}]}}