{"id":8507,"date":"2024-02-20T20:21:10","date_gmt":"2024-02-20T19:21:10","guid":{"rendered":"https:\/\/pop-co.fr\/index.php\/product\/disney-lumiere-la-belle-et-la-bete-figurine-sfc-24cm\/"},"modified":"2025-07-29T10:55:19","modified_gmt":"2025-07-29T08:55:19","slug":"disney-lumiere-la-belle-et-la-bete-figurine-sfc-24cm","status":"publish","type":"product","link":"https:\/\/pop-co.fr\/index.php\/product\/disney-lumiere-la-belle-et-la-bete-figurine-sfc-24cm\/","title":{"rendered":"DISNEY &#8211; Lumi\u00e8re (La belle et la b\u00eate) &#8211; Figurine SFC 24cm"},"content":{"rendered":"<p>C\u2019est avec une immense fiert\u00e9 qu\u2019on vous pr\u00e9sente la plus charismatique et malicieuse figurine : Lumi\u00e8re ! Tr\u00f4nant au-dessus d\u2019un d\u00e9licieux g\u00e2teau et pr\u00eat \u00e0 vous divertir, il vous invite \u00e0 revivre la magie et l\u2019\u00e9merveillement du classique d&rsquo;animation Disney, La Belle et la B\u00eate. C\u2019est la f\u00eate ! <\/p>\n<p>&#8211; Figurine PVC de gamme Super Figure Collection (SFC)<br \/>\n&#8211; Hauteur : 12 cm<br \/>\n&#8211; Revivez la cel\u00e8bre chanson \u00ab\u00a0Be our Guest\u00a0\u00bb avec Lumi\u00e8re<\/p>\n","protected":false},"excerpt":{"rendered":"<p>C\u2019est avec une immense fiert\u00e9 qu\u2019on vous pr\u00e9sente la plus charismatique et malicieuse figurine : Lumi\u00e8re ! Tr\u00f4nant au-dessus d\u2019un d\u00e9licieux g\u00e2teau et pr\u00eat \u00e0 vous divertir, il vous invite \u00e0 revivre la magie et l\u2019\u00e9merveillement du classique d&rsquo;animation Disney, La Belle et la B\u00eate. C\u2019est la f\u00eate ! &#8211; Figurine PVC de gamme Super [&hellip;]<\/p>\n","protected":false},"featured_media":355767,"comment_status":"open","ping_status":"closed","template":"","meta":[],"product_cat":[29],"product_tag":[],"aioseo_notices":[],"jetpack_sharing_enabled":true,"_links":{"self":[{"href":"https:\/\/pop-co.fr\/index.php\/wp-json\/wp\/v2\/product\/8507"}],"collection":[{"href":"https:\/\/pop-co.fr\/index.php\/wp-json\/wp\/v2\/product"}],"about":[{"href":"https:\/\/pop-co.fr\/index.php\/wp-json\/wp\/v2\/types\/product"}],"replies":[{"embeddable":true,"href":"https:\/\/pop-co.fr\/index.php\/wp-json\/wp\/v2\/comments?post=8507"}],"version-history":[{"count":0,"href":"https:\/\/pop-co.fr\/index.php\/wp-json\/wp\/v2\/product\/8507\/revisions"}],"wp:featuredmedia":[{"embeddable":true,"href":"https:\/\/pop-co.fr\/index.php\/wp-json\/wp\/v2\/media\/355767"}],"wp:attachment":[{"href":"https:\/\/pop-co.fr\/index.php\/wp-json\/wp\/v2\/media?parent=8507"}],"wp:term":[{"taxonomy":"product_cat","embeddable":true,"href":"https:\/\/pop-co.fr\/index.php\/wp-json\/wp\/v2\/product_cat?post=8507"},{"taxonomy":"product_tag","embeddable":true,"href":"https:\/\/pop-co.fr\/index.php\/wp-json\/wp\/v2\/product_tag?post=8507"}],"curies":[{"name":"wp","href":"https:\/\/api.w.org\/{rel}","templated":true}]}}