{"id":8535,"date":"2024-02-20T20:21:35","date_gmt":"2024-02-20T19:21:35","guid":{"rendered":"https:\/\/pop-co.fr\/index.php\/product\/casquette-dc-batman\/"},"modified":"2025-07-29T10:55:05","modified_gmt":"2025-07-29T08:55:05","slug":"casquette-dc-batman","status":"publish","type":"product","link":"https:\/\/pop-co.fr\/index.php\/product\/casquette-dc-batman\/","title":{"rendered":"CASQUETTE &#8211; DC &#8211; Batman"},"content":{"rendered":"<p>Portez fi\u00e8rement votre casquette The Batman et montrez \u00e0 tous quel est votre super h\u00e9ros pr\u00e9f\u00e9r\u00e9 de l&rsquo;univers DC Comics ! Le chevalier noir de Gotham est constamment \u00e0 la poursuite des super vilains, soutenez-le dans son combat ! <\/p>\n<p>&#8211; Casquette en polyester<br \/>\n&#8211; Broderie de haute qualit\u00e9.<br \/>\n&#8211; Taille unique r\u00e9glable.<br \/>\n&#8211; Coloris Noir.<\/p>\n","protected":false},"excerpt":{"rendered":"<p>Portez fi\u00e8rement votre casquette The Batman et montrez \u00e0 tous quel est votre super h\u00e9ros pr\u00e9f\u00e9r\u00e9 de l&rsquo;univers DC Comics ! Le chevalier noir de Gotham est constamment \u00e0 la poursuite des super vilains, soutenez-le dans son combat ! &#8211; Casquette en polyester &#8211; Broderie de haute qualit\u00e9. &#8211; Taille unique r\u00e9glable. &#8211; Coloris Noir.<\/p>\n","protected":false},"featured_media":355754,"comment_status":"open","ping_status":"closed","template":"","meta":[],"product_cat":[47,50],"product_tag":[],"aioseo_notices":[],"jetpack_sharing_enabled":true,"_links":{"self":[{"href":"https:\/\/pop-co.fr\/index.php\/wp-json\/wp\/v2\/product\/8535"}],"collection":[{"href":"https:\/\/pop-co.fr\/index.php\/wp-json\/wp\/v2\/product"}],"about":[{"href":"https:\/\/pop-co.fr\/index.php\/wp-json\/wp\/v2\/types\/product"}],"replies":[{"embeddable":true,"href":"https:\/\/pop-co.fr\/index.php\/wp-json\/wp\/v2\/comments?post=8535"}],"version-history":[{"count":0,"href":"https:\/\/pop-co.fr\/index.php\/wp-json\/wp\/v2\/product\/8535\/revisions"}],"wp:featuredmedia":[{"embeddable":true,"href":"https:\/\/pop-co.fr\/index.php\/wp-json\/wp\/v2\/media\/355754"}],"wp:attachment":[{"href":"https:\/\/pop-co.fr\/index.php\/wp-json\/wp\/v2\/media?parent=8535"}],"wp:term":[{"taxonomy":"product_cat","embeddable":true,"href":"https:\/\/pop-co.fr\/index.php\/wp-json\/wp\/v2\/product_cat?post=8535"},{"taxonomy":"product_tag","embeddable":true,"href":"https:\/\/pop-co.fr\/index.php\/wp-json\/wp\/v2\/product_tag?post=8535"}],"curies":[{"name":"wp","href":"https:\/\/api.w.org\/{rel}","templated":true}]}}