{"id":8615,"date":"2024-02-20T20:22:52","date_gmt":"2024-02-20T19:22:52","guid":{"rendered":"https:\/\/pop-co.fr\/index.php\/product\/sac-shopping-dragon-ball-shenron\/"},"modified":"2025-06-28T14:37:16","modified_gmt":"2025-06-28T12:37:16","slug":"sac-shopping-dragon-ball-shenron","status":"publish","type":"product","link":"https:\/\/pop-co.fr\/index.php\/product\/sac-shopping-dragon-ball-shenron\/","title":{"rendered":"SAC SHOPPING &#8211; DRAGON BALL &#8211; Shenron"},"content":{"rendered":"<p>Faites vos courses avec le dragon Shenron et en arborant l&#8217;embl\u00e8me Kame des disciples de Tortue G\u00e9niale avec ce sac shopping Dragon Ball Z.<br \/>\n&#8211; Mati\u00e8re : polypropyl\u00e8ne.<br \/>\n&#8211; Dimensions : 40 x 40 cm<\/p>\n","protected":false},"excerpt":{"rendered":"<p>Faites vos courses avec le dragon Shenron et en arborant l&#8217;embl\u00e8me Kame des disciples de Tortue G\u00e9niale avec ce sac shopping Dragon Ball Z. &#8211; Mati\u00e8re : polypropyl\u00e8ne. &#8211; Dimensions : 40 x 40 cm<\/p>\n","protected":false},"featured_media":224470,"comment_status":"open","ping_status":"closed","template":"","meta":[],"product_cat":[23,17],"product_tag":[],"aioseo_notices":[],"jetpack_sharing_enabled":true,"_links":{"self":[{"href":"https:\/\/pop-co.fr\/index.php\/wp-json\/wp\/v2\/product\/8615"}],"collection":[{"href":"https:\/\/pop-co.fr\/index.php\/wp-json\/wp\/v2\/product"}],"about":[{"href":"https:\/\/pop-co.fr\/index.php\/wp-json\/wp\/v2\/types\/product"}],"replies":[{"embeddable":true,"href":"https:\/\/pop-co.fr\/index.php\/wp-json\/wp\/v2\/comments?post=8615"}],"version-history":[{"count":0,"href":"https:\/\/pop-co.fr\/index.php\/wp-json\/wp\/v2\/product\/8615\/revisions"}],"wp:featuredmedia":[{"embeddable":true,"href":"https:\/\/pop-co.fr\/index.php\/wp-json\/wp\/v2\/media\/224470"}],"wp:attachment":[{"href":"https:\/\/pop-co.fr\/index.php\/wp-json\/wp\/v2\/media?parent=8615"}],"wp:term":[{"taxonomy":"product_cat","embeddable":true,"href":"https:\/\/pop-co.fr\/index.php\/wp-json\/wp\/v2\/product_cat?post=8615"},{"taxonomy":"product_tag","embeddable":true,"href":"https:\/\/pop-co.fr\/index.php\/wp-json\/wp\/v2\/product_tag?post=8615"}],"curies":[{"name":"wp","href":"https:\/\/api.w.org\/{rel}","templated":true}]}}