{"id":8913,"date":"2024-02-20T20:27:53","date_gmt":"2024-02-20T19:27:53","guid":{"rendered":"https:\/\/pop-co.fr\/index.php\/product\/inuyasha-pop-n1296-rin\/"},"modified":"2025-07-29T10:51:55","modified_gmt":"2025-07-29T08:51:55","slug":"inuyasha-pop-n1296-rin","status":"publish","type":"product","link":"https:\/\/pop-co.fr\/index.php\/product\/inuyasha-pop-n1296-rin\/","title":{"rendered":"INUYASHA &#8211; POP N\u00b01296 Rin"},"content":{"rendered":"<p>Inyuasha raconte l&rsquo;histoire d&rsquo;une adolescente nomm\u00e9e Kagome Higurashi qui voyage p\u00e9riodiquement dans le temps, dans le Japon f\u00e9odal, pour aider un jeune demi-d\u00e9mon nomm\u00e9 Inyuasha \u00e0 r\u00e9cup\u00e9rer les \u00e9clats d&rsquo;un joyau d&rsquo;une grande puissance. Ce bijou est cens\u00e9 pouvoir modifier les aspects fondamentaux des corps, comme transformer un demi-d\u00e9mon en un d\u00e9mon \u00e0 part enti\u00e8re ou en un humain.<\/p>\n<p>Cet anime embl\u00e9matique est aim\u00e9 et ador\u00e9 par les fans d&rsquo;anime du monde entier ! Les fans peuvent d\u00e9sormais ajouter leurs personnages pr\u00e9f\u00e9r\u00e9s \u00e0 leur collection d&rsquo;anime gr\u00e2ce \u00e0 la superbe gamme de figurines Inyuasha Pop ! Vinyl de Funko.<\/p>\n","protected":false},"excerpt":{"rendered":"<p>Inyuasha raconte l&rsquo;histoire d&rsquo;une adolescente nomm\u00e9e Kagome Higurashi qui voyage p\u00e9riodiquement dans le temps, dans le Japon f\u00e9odal, pour aider un jeune demi-d\u00e9mon nomm\u00e9 Inyuasha \u00e0 r\u00e9cup\u00e9rer les \u00e9clats d&rsquo;un joyau d&rsquo;une grande puissance. Ce bijou est cens\u00e9 pouvoir modifier les aspects fondamentaux des corps, comme transformer un demi-d\u00e9mon en un d\u00e9mon \u00e0 part enti\u00e8re [&hellip;]<\/p>\n","protected":false},"featured_media":355649,"comment_status":"open","ping_status":"closed","template":"","meta":[],"product_cat":[17,18],"product_tag":[],"aioseo_notices":[],"jetpack_sharing_enabled":true,"_links":{"self":[{"href":"https:\/\/pop-co.fr\/index.php\/wp-json\/wp\/v2\/product\/8913"}],"collection":[{"href":"https:\/\/pop-co.fr\/index.php\/wp-json\/wp\/v2\/product"}],"about":[{"href":"https:\/\/pop-co.fr\/index.php\/wp-json\/wp\/v2\/types\/product"}],"replies":[{"embeddable":true,"href":"https:\/\/pop-co.fr\/index.php\/wp-json\/wp\/v2\/comments?post=8913"}],"version-history":[{"count":0,"href":"https:\/\/pop-co.fr\/index.php\/wp-json\/wp\/v2\/product\/8913\/revisions"}],"wp:featuredmedia":[{"embeddable":true,"href":"https:\/\/pop-co.fr\/index.php\/wp-json\/wp\/v2\/media\/355649"}],"wp:attachment":[{"href":"https:\/\/pop-co.fr\/index.php\/wp-json\/wp\/v2\/media?parent=8913"}],"wp:term":[{"taxonomy":"product_cat","embeddable":true,"href":"https:\/\/pop-co.fr\/index.php\/wp-json\/wp\/v2\/product_cat?post=8913"},{"taxonomy":"product_tag","embeddable":true,"href":"https:\/\/pop-co.fr\/index.php\/wp-json\/wp\/v2\/product_tag?post=8913"}],"curies":[{"name":"wp","href":"https:\/\/api.w.org\/{rel}","templated":true}]}}