{"id":8992,"date":"2024-02-20T20:29:40","date_gmt":"2024-02-20T19:29:40","guid":{"rendered":"https:\/\/pop-co.fr\/index.php\/product\/demon-slayer-tomioka-giyu-figurine-26cm\/"},"modified":"2025-06-28T14:40:05","modified_gmt":"2025-06-28T12:40:05","slug":"demon-slayer-tomioka-giyu-figurine-26cm","status":"publish","type":"product","link":"https:\/\/pop-co.fr\/index.php\/product\/demon-slayer-tomioka-giyu-figurine-26cm\/","title":{"rendered":"DEMON SLAYER &#8211; Tomioka Giyu &#8211; Figurine 26cm"},"content":{"rendered":"<p>Figurine The Hashira Ichibansho 26cm<br \/>\nComposition : PVC<\/p>\n<p>Cette figurine The Hashira Ichibansho de Giyu Tomioka de Demon Slayer mesure 26 cm. Elle est fabriqu\u00e9e avec des mat\u00e9riaux de qualit\u00e9 sup\u00e9rieure et dispose d&rsquo;un design unique et d\u00e9taill\u00e9. La figurine poss\u00e8de une base stable, ce qui en fait un ajout merveilleux \u00e0 votre collection d&rsquo;accessoires. Les fans de Demon Slayer ne devraient pas h\u00e9siter \u00e0 ajouter cette figurine \u00e0 leur collection.<\/p>\n","protected":false},"excerpt":{"rendered":"<p>Figurine The Hashira Ichibansho 26cm Composition : PVC Cette figurine The Hashira Ichibansho de Giyu Tomioka de Demon Slayer mesure 26 cm. Elle est fabriqu\u00e9e avec des mat\u00e9riaux de qualit\u00e9 sup\u00e9rieure et dispose d&rsquo;un design unique et d\u00e9taill\u00e9. La figurine poss\u00e8de une base stable, ce qui en fait un ajout merveilleux \u00e0 votre collection d&rsquo;accessoires. [&hellip;]<\/p>\n","protected":false},"featured_media":314103,"comment_status":"open","ping_status":"closed","template":"","meta":[],"product_cat":[17,24],"product_tag":[],"aioseo_notices":[],"jetpack_sharing_enabled":true,"_links":{"self":[{"href":"https:\/\/pop-co.fr\/index.php\/wp-json\/wp\/v2\/product\/8992"}],"collection":[{"href":"https:\/\/pop-co.fr\/index.php\/wp-json\/wp\/v2\/product"}],"about":[{"href":"https:\/\/pop-co.fr\/index.php\/wp-json\/wp\/v2\/types\/product"}],"replies":[{"embeddable":true,"href":"https:\/\/pop-co.fr\/index.php\/wp-json\/wp\/v2\/comments?post=8992"}],"version-history":[{"count":0,"href":"https:\/\/pop-co.fr\/index.php\/wp-json\/wp\/v2\/product\/8992\/revisions"}],"wp:featuredmedia":[{"embeddable":true,"href":"https:\/\/pop-co.fr\/index.php\/wp-json\/wp\/v2\/media\/314103"}],"wp:attachment":[{"href":"https:\/\/pop-co.fr\/index.php\/wp-json\/wp\/v2\/media?parent=8992"}],"wp:term":[{"taxonomy":"product_cat","embeddable":true,"href":"https:\/\/pop-co.fr\/index.php\/wp-json\/wp\/v2\/product_cat?post=8992"},{"taxonomy":"product_tag","embeddable":true,"href":"https:\/\/pop-co.fr\/index.php\/wp-json\/wp\/v2\/product_tag?post=8992"}],"curies":[{"name":"wp","href":"https:\/\/api.w.org\/{rel}","templated":true}]}}