{"id":91896,"date":"2024-05-16T16:39:33","date_gmt":"2024-05-16T14:39:33","guid":{"rendered":"https:\/\/pop-co.fr\/index.php\/product\/bandeau-cheveux-disney-simba-le-roi-lion\/"},"modified":"2025-09-08T12:21:02","modified_gmt":"2025-09-08T10:21:02","slug":"bandeau-cheveux-disney-simba-le-roi-lion","status":"publish","type":"product","link":"https:\/\/pop-co.fr\/index.php\/product\/bandeau-cheveux-disney-simba-le-roi-lion\/","title":{"rendered":"BANDEAU CHEVEUX &#8211; DISNEY &#8211; Simba (Le roi lion)"},"content":{"rendered":"<p>Soyez le roi ou la reine de votre routine de soins personnels avec ce bandeau nettoyant inspir\u00e9 de Simba. Gardez votre crini\u00e8re apprivois\u00e9e et votre visage clair pour prendre soin de vous, nettoyer ou cr\u00e9er des looks de maquillage.<\/p>\n","protected":false},"excerpt":{"rendered":"<p>Soyez le roi ou la reine de votre routine de soins personnels avec ce bandeau nettoyant inspir\u00e9 de Simba. Gardez votre crini\u00e8re apprivois\u00e9e et votre visage clair pour prendre soin de vous, nettoyer ou cr\u00e9er des looks de maquillage.<\/p>\n","protected":false},"featured_media":358273,"comment_status":"open","ping_status":"closed","template":"","meta":[],"product_cat":[29],"product_tag":[],"aioseo_notices":[],"jetpack_sharing_enabled":true,"_links":{"self":[{"href":"https:\/\/pop-co.fr\/index.php\/wp-json\/wp\/v2\/product\/91896"}],"collection":[{"href":"https:\/\/pop-co.fr\/index.php\/wp-json\/wp\/v2\/product"}],"about":[{"href":"https:\/\/pop-co.fr\/index.php\/wp-json\/wp\/v2\/types\/product"}],"replies":[{"embeddable":true,"href":"https:\/\/pop-co.fr\/index.php\/wp-json\/wp\/v2\/comments?post=91896"}],"version-history":[{"count":0,"href":"https:\/\/pop-co.fr\/index.php\/wp-json\/wp\/v2\/product\/91896\/revisions"}],"wp:featuredmedia":[{"embeddable":true,"href":"https:\/\/pop-co.fr\/index.php\/wp-json\/wp\/v2\/media\/358273"}],"wp:attachment":[{"href":"https:\/\/pop-co.fr\/index.php\/wp-json\/wp\/v2\/media?parent=91896"}],"wp:term":[{"taxonomy":"product_cat","embeddable":true,"href":"https:\/\/pop-co.fr\/index.php\/wp-json\/wp\/v2\/product_cat?post=91896"},{"taxonomy":"product_tag","embeddable":true,"href":"https:\/\/pop-co.fr\/index.php\/wp-json\/wp\/v2\/product_tag?post=91896"}],"curies":[{"name":"wp","href":"https:\/\/api.w.org\/{rel}","templated":true}]}}