{"id":95627,"date":"2024-05-23T11:01:43","date_gmt":"2024-05-23T09:01:43","guid":{"rendered":"https:\/\/pop-co.fr\/index.php\/product\/eventail-one-piece-equipage-chapeau-de-paille-wano\/"},"modified":"2025-08-16T17:13:52","modified_gmt":"2025-08-16T15:13:52","slug":"eventail-one-piece-equipage-chapeau-de-paille-wano","status":"publish","type":"product","link":"https:\/\/pop-co.fr\/index.php\/product\/eventail-one-piece-equipage-chapeau-de-paille-wano\/","title":{"rendered":"EVENTAIL &#8211; ONE PIECE &#8211; Equipage Wano"},"content":{"rendered":"<p>Besoin d&rsquo;une petite pause rafra\u00eechissante en pleine d\u00e9couverte du Pays de Wano avec l&rsquo;\u00c9quipage du Chapeau de Paille ? Sortez votre \u00e9ventail One Piece par ABYstyle avant de balayer tous vos ennemis ! <\/p>\n<p>&#8211; Impression couleur recto verso<br \/>\n&#8211; Mati\u00e8re : bambou et papier<br \/>\n&#8211; Dimensions (d\u00e9pli\u00e9) : H 45 cm L26,5cm<br \/>\n&#8211; Bambou finition naturelle<\/p>\n","protected":false},"excerpt":{"rendered":"<p>Besoin d&rsquo;une petite pause rafra\u00eechissante en pleine d\u00e9couverte du Pays de Wano avec l&rsquo;\u00c9quipage du Chapeau de Paille ? Sortez votre \u00e9ventail One Piece par ABYstyle avant de balayer tous vos ennemis ! &#8211; Impression couleur recto verso &#8211; Mati\u00e8re : bambou et papier &#8211; Dimensions (d\u00e9pli\u00e9) : H 45 cm L26,5cm &#8211; Bambou finition [&hellip;]<\/p>\n","protected":false},"featured_media":357383,"comment_status":"open","ping_status":"closed","template":"","meta":[],"product_cat":[17,22],"product_tag":[],"aioseo_notices":[],"jetpack_sharing_enabled":true,"_links":{"self":[{"href":"https:\/\/pop-co.fr\/index.php\/wp-json\/wp\/v2\/product\/95627"}],"collection":[{"href":"https:\/\/pop-co.fr\/index.php\/wp-json\/wp\/v2\/product"}],"about":[{"href":"https:\/\/pop-co.fr\/index.php\/wp-json\/wp\/v2\/types\/product"}],"replies":[{"embeddable":true,"href":"https:\/\/pop-co.fr\/index.php\/wp-json\/wp\/v2\/comments?post=95627"}],"version-history":[{"count":0,"href":"https:\/\/pop-co.fr\/index.php\/wp-json\/wp\/v2\/product\/95627\/revisions"}],"wp:featuredmedia":[{"embeddable":true,"href":"https:\/\/pop-co.fr\/index.php\/wp-json\/wp\/v2\/media\/357383"}],"wp:attachment":[{"href":"https:\/\/pop-co.fr\/index.php\/wp-json\/wp\/v2\/media?parent=95627"}],"wp:term":[{"taxonomy":"product_cat","embeddable":true,"href":"https:\/\/pop-co.fr\/index.php\/wp-json\/wp\/v2\/product_cat?post=95627"},{"taxonomy":"product_tag","embeddable":true,"href":"https:\/\/pop-co.fr\/index.php\/wp-json\/wp\/v2\/product_tag?post=95627"}],"curies":[{"name":"wp","href":"https:\/\/api.w.org\/{rel}","templated":true}]}}