{"id":95686,"date":"2024-05-23T11:02:40","date_gmt":"2024-05-23T09:02:40","guid":{"rendered":"https:\/\/pop-co.fr\/index.php\/product\/mug-naruto-personnages-noir-et-blanc\/"},"modified":"2025-06-28T12:41:02","modified_gmt":"2025-06-28T10:41:02","slug":"mug-naruto-personnages-noir-et-blanc","status":"publish","type":"product","link":"https:\/\/pop-co.fr\/index.php\/product\/mug-naruto-personnages-noir-et-blanc\/","title":{"rendered":"MUG &#8211; NARUTO &#8211; Personnages noir et blanc"},"content":{"rendered":"<p>Les ninjas pr\u00e9sents sur ce mug Naruto Shippuden par ABYstyle sont tous pr\u00eats \u00e0 se battre afin d&rsquo;arriver \u00e0 leurs fins. Choisissez avec qui vous voulez faire \u00e9quipe et partez \u00e0 l&rsquo;aventure dans les plus brefs d\u00e9lais ! <\/p>\n<p>&#8211; Grande contenance (460 ml).<br \/>\n&#8211; Tenue d&rsquo;impression exceptionnelle, compatible lave-vaisselle.<br \/>\n&#8211; Compatible micro-ondes<br \/>\n&#8211; Mati\u00e8re c\u00e9ramique<br \/>\n&#8211; Packaging : bo\u00eete PVC cristal permettant de prot\u00e9ger le mug tout en assurant une visibilit\u00e9 \u00e0 360\u00b0.<\/p>\n","protected":false},"excerpt":{"rendered":"<p>Les ninjas pr\u00e9sents sur ce mug Naruto Shippuden par ABYstyle sont tous pr\u00eats \u00e0 se battre afin d&rsquo;arriver \u00e0 leurs fins. Choisissez avec qui vous voulez faire \u00e9quipe et partez \u00e0 l&rsquo;aventure dans les plus brefs d\u00e9lais ! &#8211; Grande contenance (460 ml). &#8211; Tenue d&rsquo;impression exceptionnelle, compatible lave-vaisselle. &#8211; Compatible micro-ondes &#8211; Mati\u00e8re c\u00e9ramique [&hellip;]<\/p>\n","protected":false},"featured_media":256726,"comment_status":"open","ping_status":"closed","template":"","meta":[],"product_cat":[17,21],"product_tag":[],"aioseo_notices":[],"jetpack_sharing_enabled":true,"_links":{"self":[{"href":"https:\/\/pop-co.fr\/index.php\/wp-json\/wp\/v2\/product\/95686"}],"collection":[{"href":"https:\/\/pop-co.fr\/index.php\/wp-json\/wp\/v2\/product"}],"about":[{"href":"https:\/\/pop-co.fr\/index.php\/wp-json\/wp\/v2\/types\/product"}],"replies":[{"embeddable":true,"href":"https:\/\/pop-co.fr\/index.php\/wp-json\/wp\/v2\/comments?post=95686"}],"version-history":[{"count":0,"href":"https:\/\/pop-co.fr\/index.php\/wp-json\/wp\/v2\/product\/95686\/revisions"}],"wp:featuredmedia":[{"embeddable":true,"href":"https:\/\/pop-co.fr\/index.php\/wp-json\/wp\/v2\/media\/256726"}],"wp:attachment":[{"href":"https:\/\/pop-co.fr\/index.php\/wp-json\/wp\/v2\/media?parent=95686"}],"wp:term":[{"taxonomy":"product_cat","embeddable":true,"href":"https:\/\/pop-co.fr\/index.php\/wp-json\/wp\/v2\/product_cat?post=95686"},{"taxonomy":"product_tag","embeddable":true,"href":"https:\/\/pop-co.fr\/index.php\/wp-json\/wp\/v2\/product_tag?post=95686"}],"curies":[{"name":"wp","href":"https:\/\/api.w.org\/{rel}","templated":true}]}}