{"id":96224,"date":"2024-05-23T15:02:04","date_gmt":"2024-05-23T13:02:04","guid":{"rendered":"https:\/\/pop-co.fr\/index.php\/product\/badges-x6-fnaf-animatroniques\/"},"modified":"2025-06-28T12:40:44","modified_gmt":"2025-06-28T10:40:44","slug":"badges-x6-fnaf-animatroniques","status":"publish","type":"product","link":"https:\/\/pop-co.fr\/index.php\/product\/badges-x6-fnaf-animatroniques\/","title":{"rendered":"BADGES X6 &#8211; FNAF \u2013 Animatroniques"},"content":{"rendered":"<p>Effrayez vos amis avec les robots de Five Nights at Freddy&rsquo;s gr\u00e2ce \u00e0 ce g\u00e9nial pack de badges par ABYstyle ! <\/p>\n<p>&#8211; Pack de 6 badges<br \/>\n&#8211; Dimensions : 4 badges de 2,5 cm de diam\u00e8tre, 2 badges de 3,2 cm de diam\u00e8tre<\/p>\n","protected":false},"excerpt":{"rendered":"<p>Effrayez vos amis avec les robots de Five Nights at Freddy&rsquo;s gr\u00e2ce \u00e0 ce g\u00e9nial pack de badges par ABYstyle ! &#8211; Pack de 6 badges &#8211; Dimensions : 4 badges de 2,5 cm de diam\u00e8tre, 2 badges de 3,2 cm de diam\u00e8tre<\/p>\n","protected":false},"featured_media":211440,"comment_status":"open","ping_status":"closed","template":"","meta":[],"product_cat":[38,34],"product_tag":[],"aioseo_notices":[],"jetpack_sharing_enabled":true,"_links":{"self":[{"href":"https:\/\/pop-co.fr\/index.php\/wp-json\/wp\/v2\/product\/96224"}],"collection":[{"href":"https:\/\/pop-co.fr\/index.php\/wp-json\/wp\/v2\/product"}],"about":[{"href":"https:\/\/pop-co.fr\/index.php\/wp-json\/wp\/v2\/types\/product"}],"replies":[{"embeddable":true,"href":"https:\/\/pop-co.fr\/index.php\/wp-json\/wp\/v2\/comments?post=96224"}],"version-history":[{"count":0,"href":"https:\/\/pop-co.fr\/index.php\/wp-json\/wp\/v2\/product\/96224\/revisions"}],"wp:featuredmedia":[{"embeddable":true,"href":"https:\/\/pop-co.fr\/index.php\/wp-json\/wp\/v2\/media\/211440"}],"wp:attachment":[{"href":"https:\/\/pop-co.fr\/index.php\/wp-json\/wp\/v2\/media?parent=96224"}],"wp:term":[{"taxonomy":"product_cat","embeddable":true,"href":"https:\/\/pop-co.fr\/index.php\/wp-json\/wp\/v2\/product_cat?post=96224"},{"taxonomy":"product_tag","embeddable":true,"href":"https:\/\/pop-co.fr\/index.php\/wp-json\/wp\/v2\/product_tag?post=96224"}],"curies":[{"name":"wp","href":"https:\/\/api.w.org\/{rel}","templated":true}]}}